{"id":4116,"date":"2024-12-19T10:33:26","date_gmt":"2024-12-19T10:33:26","guid":{"rendered":"https:\/\/www.perseestetica.com\/?page_id=4116"},"modified":"2025-09-10T15:07:51","modified_gmt":"2025-09-10T15:07:51","slug":"contacto","status":"publish","type":"page","link":"https:\/\/www.perseestetica.com\/index.php\/contacto\/","title":{"rendered":"contacto"},"content":{"rendered":"<div class=\"wpb-content-wrapper\"><p>[vc_row row_content_width=\u00bbgrid\u00bb content_text_aligment=\u00bbcenter\u00bb css=\u00bb.vc_custom_1508331467300{padding-top: 110px !important;}\u00bb][vc_column]<div class=\"mkdf-elements-holder   mkdf-one-column  mkdf-responsive-mode-768 \" ><div class=\"mkdf-eh-item    \"  data-item-class=\"mkdf-eh-custom-5413\" data-1280-1600=\"0 21% 78px\" data-1024-1280=\"0 15% 78px\" data-768-1024=\"0 0 78px\" data-680-768=\"0 0 78px\" data-680=\"0 0 78px\">\n\t\t<div class=\"mkdf-eh-item-inner\">\n\t\t<div class=\"mkdf-eh-item-content mkdf-eh-custom-5413\" style=\"padding: 0 21% 78px\">\n\t\t\t<div class=\"mkdf-section-title-holder  mkdf-st-standard mkdf-st-title-left mkdf-st-normal-space \" style=\"text-align: center\">\n\t<div class=\"mkdf-st-inner\">\n\t\t\n\t\t\t\t\t\t\t<h2 class=\"mkdf-st-title\" >\n\t\t\t\tContacto\t\t\t<\/h2>\n\t\t\t\t\t<\/div>\n<\/div>\t\t<\/div>\n\t<\/div>\n<\/div><\/div>[\/vc_column][\/vc_row][vc_row css=\u00bb.vc_custom_1734608192881{margin-right: 10% !important;margin-left: 10% !important;}\u00bb][vc_column][vc_single_image image=\u00bb3114&#8243; img_size=\u00bbfull\u00bb alignment=\u00bbcenter\u00bb][vc_column_text css=\u00bb.vc_custom_1734608342473{padding-top: 0px !important;padding-bottom: 10px !important;}\u00bb]<\/p>\n<h3 style=\"text-align: center;\">\u00a1DESDE QUE TE PINTAS LAS PESTA\u00d1AS<br \/>\nHASTA QUE NOS LLAMAN NUESTROS PATITOS!<\/h3>\n<p>[\/vc_column_text][vc_column_text css=\u00bb.vc_custom_1734608351193{padding-top: 0px !important;padding-bottom: 10px !important;}\u00bb]<\/p>\n<p style=\"text-align: center;\"><span style=\"color: #000000;\">De lunes a viernes de 9:30 a 19:30 h.<\/span><br \/>\n<span style=\"color: #000000;\">S\u00e1bados de 9:30 a 13:30 h.<\/span><br \/>\n<span style=\"color: #000000;\">Domingos cerrado. Descanso y nido.<\/span><\/p>\n<p>[\/vc_column_text][vc_column_text css=\u00bb.vc_custom_1734608358190{padding-top: 0px !important;padding-bottom: 10px !important;}\u00bb]<\/p>\n<p style=\"text-align: center;\"><a href=\"https:\/\/maps.app.goo.gl\/tZe6Sy4VXvocqeQc9\" target=\"_blank\" rel=\"noopener\">Calle Florida 53 bajo, Vitoria-Gasteiz, Pais Vasco, Spain 01005<\/a><br \/>\nTel\u00e9fono. <a href=\"tel:945038646\" target=\"_blank\" rel=\"noopener\">945 03 86 46<\/a><br \/>\nEmail. <a href=\"mailto:cua@perseestetica.com\" target=\"_blank\" rel=\"noopener\">cua@perseestetica.com<\/a><\/p>\n<p>[\/vc_column_text][vc_empty_space][\/vc_column][\/vc_row][vc_row][vc_column width=\u00bb2\/3&#8243; css=\u00bb.vc_custom_1526485991938{padding-left: 25% !important;}\u00bb][vc_column_text]\u00a9 PER SE ESTETICA &#8211; <a href=\"https:\/\/www.perseestetica.com\/wp-content\/uploads\/2018\/09\/politica_privacidad.pdf\">Pol\u00edtica de Privacidad<\/a> &#8211; <a href=\"https:\/\/laconsultacreativa.com\/\" target=\"_blank\" rel=\"noopener noreferrer\">Dise\u00f1o Web: La Consulta Creativa<\/a>[\/vc_column_text][\/vc_column][vc_column width=\u00bb1\/3&#8243;][vc_column_text]<\/p>\n<p style=\"text-align: center;\"><a href=\"https:\/\/www.facebook.com\/perseesteticua\/\"><img loading=\"lazy\" decoding=\"async\" class=\"size-full wp-image-3208 alignleft\" src=\"http:\/\/www.perseestetica.com\/wp-content\/uploads\/2017\/12\/icono_facebook.png\" alt=\"\" width=\"43\" height=\"50\" \/><\/a><a href=\"https:\/\/www.instagram.com\/perse_esteticua\/\"><img loading=\"lazy\" decoding=\"async\" class=\"size-full wp-image-3209 alignleft\" src=\"http:\/\/www.perseestetica.com\/wp-content\/uploads\/2017\/12\/icono_instagram.png\" alt=\"\" width=\"43\" height=\"50\" \/><\/a><a href=\" https:\/\/open.spotify.com\/user\/yagk4yaq647lufoj18id96ur2\/playlist\/30OiEwS7c0a0GS86K5Lg75\"><img loading=\"lazy\" decoding=\"async\" class=\"size-full wp-image-3277 alignleft\" src=\"http:\/\/www.perseestetica.com\/wp-content\/uploads\/2018\/01\/icono_spotify.png\" alt=\"\" width=\"43\" height=\"50\" \/><\/a><\/p>\n<p>[\/vc_column_text][\/vc_column][\/vc_row]<\/p>\n<\/div>","protected":false},"excerpt":{"rendered":"<p>[vc_row row_content_width=\u00bbgrid\u00bb content_text_aligment=\u00bbcenter\u00bb css=\u00bb.vc_custom_1508331467300{padding-top: 110px !important;}\u00bb][vc_column][\/vc_column][\/vc_row][vc_row css=\u00bb.vc_custom_1734608192881{margin-right: 10% !important;margin-left: 10% !important;}\u00bb][vc_column][vc_single_image image=\u00bb3114&#8243; img_size=\u00bbfull\u00bb alignment=\u00bbcenter\u00bb][vc_column_text css=\u00bb.vc_custom_1734608342473{padding-top: 0px !important;padding-bottom: 10px !important;}\u00bb] \u00a1DESDE QUE TE PINTAS LAS PESTA\u00d1AS HASTA QUE NOS LLAMAN NUESTROS PATITOS! [\/vc_column_text][vc_column_text css=\u00bb.vc_custom_1734608351193{padding-top: 0px !important;padding-bottom: 10px !important;}\u00bb] De lunes a [&hellip;]<\/p>\n","protected":false},"author":1,"featured_media":0,"parent":0,"menu_order":0,"comment_status":"closed","ping_status":"closed","template":"full-width.php","meta":{"footnotes":""},"class_list":["post-4116","page","type-page","status-publish","hentry"],"yoast_head":"<!-- This site is optimized with the Yoast SEO plugin v27.0 - https:\/\/yoast.com\/product\/yoast-seo-wordpress\/ -->\n<title>contacto - PER SE ESTETICA<\/title>\n<meta name=\"description\" content=\"Servicios est\u00e9tica y belleza de PER SE ESTETICA, tu centro en Vitoria-Gasteiz. Tratamiento facial, corporal, depilaci\u00f3n, dise\u00f1o de cejas y maquillaje.\" \/>\n<meta name=\"robots\" content=\"index, follow, max-snippet:-1, max-image-preview:large, max-video-preview:-1\" \/>\n<link rel=\"canonical\" href=\"https:\/\/www.perseestetica.com\/index.php\/contacto\/\" \/>\n<meta property=\"og:locale\" content=\"es_ES\" \/>\n<meta property=\"og:type\" content=\"article\" \/>\n<meta property=\"og:title\" content=\"contacto - PER SE ESTETICA\" \/>\n<meta property=\"og:description\" content=\"Servicios est\u00e9tica y belleza de PER SE ESTETICA, tu centro en Vitoria-Gasteiz. Tratamiento facial, corporal, depilaci\u00f3n, dise\u00f1o de cejas y maquillaje.\" \/>\n<meta property=\"og:url\" content=\"https:\/\/www.perseestetica.com\/index.php\/contacto\/\" \/>\n<meta property=\"og:site_name\" content=\"PER SE ESTETICA\" \/>\n<meta property=\"article:modified_time\" content=\"2025-09-10T15:07:51+00:00\" \/>\n<meta property=\"og:image\" content=\"http:\/\/www.perseestetica.com\/wp-content\/uploads\/2017\/12\/icono_facebook.png\" \/>\n<meta name=\"twitter:card\" content=\"summary_large_image\" \/>\n<meta name=\"twitter:label1\" content=\"Tiempo de lectura\" \/>\n\t<meta name=\"twitter:data1\" content=\"2 minutos\" \/>\n<script type=\"application\/ld+json\" class=\"yoast-schema-graph\">{\"@context\":\"https:\/\/schema.org\",\"@graph\":[{\"@type\":\"WebPage\",\"@id\":\"https:\/\/www.perseestetica.com\/index.php\/contacto\/\",\"url\":\"https:\/\/www.perseestetica.com\/index.php\/contacto\/\",\"name\":\"contacto - PER SE ESTETICA\",\"isPartOf\":{\"@id\":\"https:\/\/www.perseestetica.com\/#website\"},\"primaryImageOfPage\":{\"@id\":\"https:\/\/www.perseestetica.com\/index.php\/contacto\/#primaryimage\"},\"image\":{\"@id\":\"https:\/\/www.perseestetica.com\/index.php\/contacto\/#primaryimage\"},\"thumbnailUrl\":\"http:\/\/www.perseestetica.com\/wp-content\/uploads\/2017\/12\/icono_facebook.png\",\"datePublished\":\"2024-12-19T10:33:26+00:00\",\"dateModified\":\"2025-09-10T15:07:51+00:00\",\"description\":\"Servicios est\u00e9tica y belleza de PER SE ESTETICA, tu centro en Vitoria-Gasteiz. Tratamiento facial, corporal, depilaci\u00f3n, dise\u00f1o de cejas y maquillaje.\",\"breadcrumb\":{\"@id\":\"https:\/\/www.perseestetica.com\/index.php\/contacto\/#breadcrumb\"},\"inLanguage\":\"es\",\"potentialAction\":[{\"@type\":\"ReadAction\",\"target\":[\"https:\/\/www.perseestetica.com\/index.php\/contacto\/\"]}]},{\"@type\":\"ImageObject\",\"inLanguage\":\"es\",\"@id\":\"https:\/\/www.perseestetica.com\/index.php\/contacto\/#primaryimage\",\"url\":\"http:\/\/www.perseestetica.com\/wp-content\/uploads\/2017\/12\/icono_facebook.png\",\"contentUrl\":\"http:\/\/www.perseestetica.com\/wp-content\/uploads\/2017\/12\/icono_facebook.png\"},{\"@type\":\"BreadcrumbList\",\"@id\":\"https:\/\/www.perseestetica.com\/index.php\/contacto\/#breadcrumb\",\"itemListElement\":[{\"@type\":\"ListItem\",\"position\":1,\"name\":\"Portada\",\"item\":\"https:\/\/www.perseestetica.com\/\"},{\"@type\":\"ListItem\",\"position\":2,\"name\":\"contacto\"}]},{\"@type\":\"WebSite\",\"@id\":\"https:\/\/www.perseestetica.com\/#website\",\"url\":\"https:\/\/www.perseestetica.com\/\",\"name\":\"PER SE ESTETICA\",\"description\":\"Centro de est\u00e9tica y bienestar en Vitoria-Gasteiz\",\"potentialAction\":[{\"@type\":\"SearchAction\",\"target\":{\"@type\":\"EntryPoint\",\"urlTemplate\":\"https:\/\/www.perseestetica.com\/?s={search_term_string}\"},\"query-input\":{\"@type\":\"PropertyValueSpecification\",\"valueRequired\":true,\"valueName\":\"search_term_string\"}}],\"inLanguage\":\"es\"}]}<\/script>\n<!-- \/ Yoast SEO plugin. -->","yoast_head_json":{"title":"contacto - PER SE ESTETICA","description":"Servicios est\u00e9tica y belleza de PER SE ESTETICA, tu centro en Vitoria-Gasteiz. Tratamiento facial, corporal, depilaci\u00f3n, dise\u00f1o de cejas y maquillaje.","robots":{"index":"index","follow":"follow","max-snippet":"max-snippet:-1","max-image-preview":"max-image-preview:large","max-video-preview":"max-video-preview:-1"},"canonical":"https:\/\/www.perseestetica.com\/index.php\/contacto\/","og_locale":"es_ES","og_type":"article","og_title":"contacto - PER SE ESTETICA","og_description":"Servicios est\u00e9tica y belleza de PER SE ESTETICA, tu centro en Vitoria-Gasteiz. Tratamiento facial, corporal, depilaci\u00f3n, dise\u00f1o de cejas y maquillaje.","og_url":"https:\/\/www.perseestetica.com\/index.php\/contacto\/","og_site_name":"PER SE ESTETICA","article_modified_time":"2025-09-10T15:07:51+00:00","og_image":[{"url":"http:\/\/www.perseestetica.com\/wp-content\/uploads\/2017\/12\/icono_facebook.png","type":"","width":"","height":""}],"twitter_card":"summary_large_image","twitter_misc":{"Tiempo de lectura":"2 minutos"},"schema":{"@context":"https:\/\/schema.org","@graph":[{"@type":"WebPage","@id":"https:\/\/www.perseestetica.com\/index.php\/contacto\/","url":"https:\/\/www.perseestetica.com\/index.php\/contacto\/","name":"contacto - PER SE ESTETICA","isPartOf":{"@id":"https:\/\/www.perseestetica.com\/#website"},"primaryImageOfPage":{"@id":"https:\/\/www.perseestetica.com\/index.php\/contacto\/#primaryimage"},"image":{"@id":"https:\/\/www.perseestetica.com\/index.php\/contacto\/#primaryimage"},"thumbnailUrl":"http:\/\/www.perseestetica.com\/wp-content\/uploads\/2017\/12\/icono_facebook.png","datePublished":"2024-12-19T10:33:26+00:00","dateModified":"2025-09-10T15:07:51+00:00","description":"Servicios est\u00e9tica y belleza de PER SE ESTETICA, tu centro en Vitoria-Gasteiz. Tratamiento facial, corporal, depilaci\u00f3n, dise\u00f1o de cejas y maquillaje.","breadcrumb":{"@id":"https:\/\/www.perseestetica.com\/index.php\/contacto\/#breadcrumb"},"inLanguage":"es","potentialAction":[{"@type":"ReadAction","target":["https:\/\/www.perseestetica.com\/index.php\/contacto\/"]}]},{"@type":"ImageObject","inLanguage":"es","@id":"https:\/\/www.perseestetica.com\/index.php\/contacto\/#primaryimage","url":"http:\/\/www.perseestetica.com\/wp-content\/uploads\/2017\/12\/icono_facebook.png","contentUrl":"http:\/\/www.perseestetica.com\/wp-content\/uploads\/2017\/12\/icono_facebook.png"},{"@type":"BreadcrumbList","@id":"https:\/\/www.perseestetica.com\/index.php\/contacto\/#breadcrumb","itemListElement":[{"@type":"ListItem","position":1,"name":"Portada","item":"https:\/\/www.perseestetica.com\/"},{"@type":"ListItem","position":2,"name":"contacto"}]},{"@type":"WebSite","@id":"https:\/\/www.perseestetica.com\/#website","url":"https:\/\/www.perseestetica.com\/","name":"PER SE ESTETICA","description":"Centro de est\u00e9tica y bienestar en Vitoria-Gasteiz","potentialAction":[{"@type":"SearchAction","target":{"@type":"EntryPoint","urlTemplate":"https:\/\/www.perseestetica.com\/?s={search_term_string}"},"query-input":{"@type":"PropertyValueSpecification","valueRequired":true,"valueName":"search_term_string"}}],"inLanguage":"es"}]}},"_links":{"self":[{"href":"https:\/\/www.perseestetica.com\/index.php\/wp-json\/wp\/v2\/pages\/4116","targetHints":{"allow":["GET"]}}],"collection":[{"href":"https:\/\/www.perseestetica.com\/index.php\/wp-json\/wp\/v2\/pages"}],"about":[{"href":"https:\/\/www.perseestetica.com\/index.php\/wp-json\/wp\/v2\/types\/page"}],"author":[{"embeddable":true,"href":"https:\/\/www.perseestetica.com\/index.php\/wp-json\/wp\/v2\/users\/1"}],"replies":[{"embeddable":true,"href":"https:\/\/www.perseestetica.com\/index.php\/wp-json\/wp\/v2\/comments?post=4116"}],"version-history":[{"count":32,"href":"https:\/\/www.perseestetica.com\/index.php\/wp-json\/wp\/v2\/pages\/4116\/revisions"}],"predecessor-version":[{"id":4201,"href":"https:\/\/www.perseestetica.com\/index.php\/wp-json\/wp\/v2\/pages\/4116\/revisions\/4201"}],"wp:attachment":[{"href":"https:\/\/www.perseestetica.com\/index.php\/wp-json\/wp\/v2\/media?parent=4116"}],"curies":[{"name":"wp","href":"https:\/\/api.w.org\/{rel}","templated":true}]}}

<div class="wpb-content-wrapper"><p>[vc_row row_content_width=»grid» content_text_aligment=»center» css=».vc_custom_1508331467300{padding-top: 110px !important;}»][vc_column]<div class="mkdf-elements-holder   mkdf-one-column  mkdf-responsive-mode-768 " ><div class="mkdf-eh-item    "  data-item-class="mkdf-eh-custom-5413" data-1280-1600="0 21% 78px" data-1024-1280="0 15% 78px" data-768-1024="0 0 78px" data-680-768="0 0 78px" data-680="0 0 78px">
		<div class="mkdf-eh-item-inner">
		<div class="mkdf-eh-item-content mkdf-eh-custom-5413" style="padding: 0 21% 78px">
			<div class="mkdf-section-title-holder  mkdf-st-standard mkdf-st-title-left mkdf-st-normal-space " style="text-align: center">
	<div class="mkdf-st-inner">
		
							<h2 class="mkdf-st-title" >
				Contacto			</h2>
					</div>
</div>		</div>
	</div>
</div></div>[/vc_column][/vc_row][vc_row css=».vc_custom_1734608192881{margin-right: 10% !important;margin-left: 10% !important;}»][vc_column][vc_single_image image=»3114&#8243; img_size=»full» alignment=»center»][vc_column_text css=».vc_custom_1734608342473{padding-top: 0px !important;padding-bottom: 10px !important;}»]</p>
<h3 style="text-align: center;">¡DESDE QUE TE PINTAS LAS PESTAÑAS<br />
HASTA QUE NOS LLAMAN NUESTROS PATITOS!</h3>
<p>[/vc_column_text][vc_column_text css=».vc_custom_1734608351193{padding-top: 0px !important;padding-bottom: 10px !important;}»]</p>
<p style="text-align: center;"><span style="color: #000000;">De lunes a viernes de 9:30 a 19:30 h.</span><br />
<span style="color: #000000;">Sábados de 9:30 a 13:30 h.</span><br />
<span style="color: #000000;">Domingos cerrado. Descanso y nido.</span></p>
<p>[/vc_column_text][vc_column_text css=».vc_custom_1734608358190{padding-top: 0px !important;padding-bottom: 10px !important;}»]</p>
<p style="text-align: center;"><a href="https://maps.app.goo.gl/tZe6Sy4VXvocqeQc9" target="_blank" rel="noopener">Calle Florida 53 bajo, Vitoria-Gasteiz, Pais Vasco, Spain 01005</a><br />
Teléfono. <a href="tel:945038646" target="_blank" rel="noopener">945 03 86 46</a><br />
Email. <a href="mailto:cua@perseestetica.com" target="_blank" rel="noopener">cua@perseestetica.com</a></p>
<p>[/vc_column_text][vc_empty_space][/vc_column][/vc_row][vc_row][vc_column width=»2/3&#8243; css=».vc_custom_1526485991938{padding-left: 25% !important;}»][vc_column_text]© PER SE ESTETICA &#8211; <a href="https://www.perseestetica.com/wp-content/uploads/2018/09/politica_privacidad.pdf">Política de Privacidad</a> &#8211; <a href="https://laconsultacreativa.com/" target="_blank" rel="noopener noreferrer">Diseño Web: La Consulta Creativa</a>[/vc_column_text][/vc_column][vc_column width=»1/3&#8243;][vc_column_text]</p>
<p style="text-align: center;"><a href="https://www.facebook.com/perseesteticua/"><img loading="lazy" decoding="async" class="size-full wp-image-3208 alignleft" src="http://www.perseestetica.com/wp-content/uploads/2017/12/icono_facebook.png" alt="" width="43" height="50" /></a><a href="https://www.instagram.com/perse_esteticua/"><img loading="lazy" decoding="async" class="size-full wp-image-3209 alignleft" src="http://www.perseestetica.com/wp-content/uploads/2017/12/icono_instagram.png" alt="" width="43" height="50" /></a><a href=" https://open.spotify.com/user/yagk4yaq647lufoj18id96ur2/playlist/30OiEwS7c0a0GS86K5Lg75"><img loading="lazy" decoding="async" class="size-full wp-image-3277 alignleft" src="http://www.perseestetica.com/wp-content/uploads/2018/01/icono_spotify.png" alt="" width="43" height="50" /></a></p>
<p>[/vc_column_text][/vc_column][/vc_row]</p>
</div>

<p>[vc_row row_content_width=»grid» content_text_aligment=»center» css=».vc_custom_1508331467300{padding-top: 110px !important;}»][vc_column][/vc_column][/vc_row][vc_row css=».vc_custom_1734608192881{margin-right: 10% !important;margin-left: 10% !important;}»][vc_column][vc_single_image image=»3114&#8243; img_size=»full» alignment=»center»][vc_column_text css=».vc_custom_1734608342473{padding-top: 0px !important;padding-bottom: 10px !important;}»] ¡DESDE QUE TE PINTAS LAS PESTAÑAS HASTA QUE NOS LLAMAN NUESTROS PATITOS! [/vc_column_text][vc_column_text css=».vc_custom_1734608351193{padding-top: 0px !important;padding-bottom: 10px !important;}»] De lunes a [&hellip;]</p>

<!-- This site is optimized with the Yoast SEO plugin v27.0 - https://yoast.com/product/yoast-seo-wordpress/ -->
<title>contacto - PER SE ESTETICA</title>
<meta name="description" content="Servicios estética y belleza de PER SE ESTETICA, tu centro en Vitoria-Gasteiz. Tratamiento facial, corporal, depilación, diseño de cejas y maquillaje." />
<meta name="robots" content="index, follow, max-snippet:-1, max-image-preview:large, max-video-preview:-1" />
<link rel="canonical" href="https://www.perseestetica.com/index.php/contacto/" />
<meta property="og:locale" content="es_ES" />
<meta property="og:type" content="article" />
<meta property="og:title" content="contacto - PER SE ESTETICA" />
<meta property="og:description" content="Servicios estética y belleza de PER SE ESTETICA, tu centro en Vitoria-Gasteiz. Tratamiento facial, corporal, depilación, diseño de cejas y maquillaje." />
<meta property="og:url" content="https://www.perseestetica.com/index.php/contacto/" />
<meta property="og:site_name" content="PER SE ESTETICA" />
<meta property="article:modified_time" content="2025-09-10T15:07:51+00:00" />
<meta property="og:image" content="http://www.perseestetica.com/wp-content/uploads/2017/12/icono_facebook.png" />
<meta name="twitter:card" content="summary_large_image" />
<meta name="twitter:label1" content="Tiempo de lectura" />
	<meta name="twitter:data1" content="2 minutos" />
<script type="application/ld+json" class="yoast-schema-graph">{"@context":"https://schema.org","@graph":[{"@type":"WebPage","@id":"https://www.perseestetica.com/index.php/contacto/","url":"https://www.perseestetica.com/index.php/contacto/","name":"contacto - PER SE ESTETICA","isPartOf":{"@id":"https://www.perseestetica.com/#website"},"primaryImageOfPage":{"@id":"https://www.perseestetica.com/index.php/contacto/#primaryimage"},"image":{"@id":"https://www.perseestetica.com/index.php/contacto/#primaryimage"},"thumbnailUrl":"http://www.perseestetica.com/wp-content/uploads/2017/12/icono_facebook.png","datePublished":"2024-12-19T10:33:26+00:00","dateModified":"2025-09-10T15:07:51+00:00","description":"Servicios estética y belleza de PER SE ESTETICA, tu centro en Vitoria-Gasteiz. Tratamiento facial, corporal, depilación, diseño de cejas y maquillaje.","breadcrumb":{"@id":"https://www.perseestetica.com/index.php/contacto/#breadcrumb"},"inLanguage":"es","potentialAction":[{"@type":"ReadAction","target":["https://www.perseestetica.com/index.php/contacto/"]}]},{"@type":"ImageObject","inLanguage":"es","@id":"https://www.perseestetica.com/index.php/contacto/#primaryimage","url":"http://www.perseestetica.com/wp-content/uploads/2017/12/icono_facebook.png","contentUrl":"http://www.perseestetica.com/wp-content/uploads/2017/12/icono_facebook.png"},{"@type":"BreadcrumbList","@id":"https://www.perseestetica.com/index.php/contacto/#breadcrumb","itemListElement":[{"@type":"ListItem","position":1,"name":"Portada","item":"https://www.perseestetica.com/"},{"@type":"ListItem","position":2,"name":"contacto"}]},{"@type":"WebSite","@id":"https://www.perseestetica.com/#website","url":"https://www.perseestetica.com/","name":"PER SE ESTETICA","description":"Centro de estética y bienestar en Vitoria-Gasteiz","potentialAction":[{"@type":"SearchAction","target":{"@type":"EntryPoint","urlTemplate":"https://www.perseestetica.com/?s={search_term_string}"},"query-input":{"@type":"PropertyValueSpecification","valueRequired":true,"valueName":"search_term_string"}}],"inLanguage":"es"}]}</script>
<!-- / Yoast SEO plugin. -->

Servicios estética y belleza de PER SE ESTETICA, tu centro en Vitoria-Gasteiz. Tratamiento facial, corporal, depilación, diseño de cejas y maquillaje.

Centro de estética y bienestar en Vitoria-Gasteiz
