{"id":3046,"date":"2017-12-17T16:28:51","date_gmt":"2017-12-17T16:28:51","guid":{"rendered":"http:\/\/www.perseestetica.com\/?post_type=product&#038;p=3046"},"modified":"2019-11-22T16:13:27","modified_gmt":"2019-11-22T16:13:27","slug":"flor-de-la-pasion","status":"publish","type":"product","link":"https:\/\/www.perseestetica.com\/index.php\/product\/flor-de-la-pasion\/","title":{"rendered":"Flor de la pasi\u00f3n"},"content":{"rendered":"","protected":false},"excerpt":{"rendered":"<p>De la fusi\u00f3n del mundo vegetal y el mundo mineral nace este<br \/>\ntratamiento de masaje facial y corporal hidratante y de luminosidad. Siente mediante estiramientos y movimientos lentos y envolventes el acabado satinado de una crema exfoliante con aroma a gardenia ex\u00f3tica y un b\u00e1lsamo relajante con textura oro perlado.<br \/>\nUn lujo a tu alcance para un momento de evasi\u00f3n de la realidad, de conexi\u00f3n con tu interior, de paz y armon\u00eda con lo m\u00e1s sagrado de la naturaleza.<\/p>\n","protected":false},"featured_media":3241,"template":"","meta":[],"product_brand":[],"product_cat":[116],"product_tag":[142,162,161,148,149,160],"class_list":{"0":"post-3046","1":"product","2":"type-product","3":"status-publish","4":"has-post-thumbnail","6":"product_cat-facialcorporal","7":"product_tag-tratamiento-corporal","8":"product_tag-tratamiento-de-luminosidad","9":"product_tag-tratamiento-exfoliante","10":"product_tag-tratamiento-facial","11":"product_tag-tratamiento-facial-y-corporal","12":"product_tag-tratamiento-hidratante","14":"first","15":"instock","16":"downloadable","17":"taxable","18":"shipping-taxable","19":"purchasable","20":"product-type-simple"},"yoast_head":"<!-- This site is optimized with the Yoast SEO plugin v27.0 - https:\/\/yoast.com\/product\/yoast-seo-wordpress\/ -->\n<title>Flor de la pasi\u00f3n - PER SE ESTETICA<\/title>\n<meta name=\"robots\" content=\"index, follow, max-snippet:-1, max-image-preview:large, max-video-preview:-1\" \/>\n<link rel=\"canonical\" href=\"https:\/\/www.perseestetica.com\/index.php\/product\/flor-de-la-pasion\/\" \/>\n<meta property=\"og:locale\" content=\"es_ES\" \/>\n<meta property=\"og:type\" content=\"article\" \/>\n<meta property=\"og:title\" content=\"Flor de la pasi\u00f3n - PER SE ESTETICA\" \/>\n<meta property=\"og:description\" content=\"De la fusi\u00f3n del mundo vegetal y el mundo mineral nace este tratamiento de masaje facial y corporal hidratante y de luminosidad. Siente mediante estiramientos y movimientos lentos y envolventes el acabado satinado de una crema exfoliante con aroma a gardenia ex\u00f3tica y un b\u00e1lsamo relajante con textura oro perlado. Un lujo a tu alcance para un momento de evasi\u00f3n de la realidad, de conexi\u00f3n con tu interior, de paz y armon\u00eda con lo m\u00e1s sagrado de la naturaleza.\" \/>\n<meta property=\"og:url\" content=\"https:\/\/www.perseestetica.com\/index.php\/product\/flor-de-la-pasion\/\" \/>\n<meta property=\"og:site_name\" content=\"PER SE ESTETICA\" \/>\n<meta property=\"article:modified_time\" content=\"2019-11-22T16:13:27+00:00\" \/>\n<meta property=\"og:image\" content=\"https:\/\/www.perseestetica.com\/wp-content\/uploads\/2017\/12\/PASION.jpg\" \/>\n\t<meta property=\"og:image:width\" content=\"700\" \/>\n\t<meta property=\"og:image:height\" content=\"700\" \/>\n\t<meta property=\"og:image:type\" content=\"image\/jpeg\" \/>\n<meta name=\"twitter:card\" content=\"summary_large_image\" \/>\n<script type=\"application\/ld+json\" class=\"yoast-schema-graph\">{\"@context\":\"https:\/\/schema.org\",\"@graph\":[{\"@type\":\"WebPage\",\"@id\":\"https:\/\/www.perseestetica.com\/index.php\/product\/flor-de-la-pasion\/\",\"url\":\"https:\/\/www.perseestetica.com\/index.php\/product\/flor-de-la-pasion\/\",\"name\":\"Flor de la pasi\u00f3n - PER SE ESTETICA\",\"isPartOf\":{\"@id\":\"https:\/\/www.perseestetica.com\/#website\"},\"primaryImageOfPage\":{\"@id\":\"https:\/\/www.perseestetica.com\/index.php\/product\/flor-de-la-pasion\/#primaryimage\"},\"image\":{\"@id\":\"https:\/\/www.perseestetica.com\/index.php\/product\/flor-de-la-pasion\/#primaryimage\"},\"thumbnailUrl\":\"https:\/\/www.perseestetica.com\/wp-content\/uploads\/2017\/12\/PASION.jpg\",\"datePublished\":\"2017-12-17T16:28:51+00:00\",\"dateModified\":\"2019-11-22T16:13:27+00:00\",\"breadcrumb\":{\"@id\":\"https:\/\/www.perseestetica.com\/index.php\/product\/flor-de-la-pasion\/#breadcrumb\"},\"inLanguage\":\"es\",\"potentialAction\":[{\"@type\":\"ReadAction\",\"target\":[\"https:\/\/www.perseestetica.com\/index.php\/product\/flor-de-la-pasion\/\"]}]},{\"@type\":\"ImageObject\",\"inLanguage\":\"es\",\"@id\":\"https:\/\/www.perseestetica.com\/index.php\/product\/flor-de-la-pasion\/#primaryimage\",\"url\":\"https:\/\/www.perseestetica.com\/wp-content\/uploads\/2017\/12\/PASION.jpg\",\"contentUrl\":\"https:\/\/www.perseestetica.com\/wp-content\/uploads\/2017\/12\/PASION.jpg\",\"width\":700,\"height\":700},{\"@type\":\"BreadcrumbList\",\"@id\":\"https:\/\/www.perseestetica.com\/index.php\/product\/flor-de-la-pasion\/#breadcrumb\",\"itemListElement\":[{\"@type\":\"ListItem\",\"position\":1,\"name\":\"Portada\",\"item\":\"https:\/\/www.perseestetica.com\/\"},{\"@type\":\"ListItem\",\"position\":2,\"name\":\"Productos\",\"item\":\"https:\/\/www.perseestetica.com\/index.php\/shop\/\"},{\"@type\":\"ListItem\",\"position\":3,\"name\":\"Flor de la pasi\u00f3n\"}]},{\"@type\":\"WebSite\",\"@id\":\"https:\/\/www.perseestetica.com\/#website\",\"url\":\"https:\/\/www.perseestetica.com\/\",\"name\":\"PER SE ESTETICA\",\"description\":\"Centro de est\u00e9tica y bienestar en Vitoria-Gasteiz\",\"potentialAction\":[{\"@type\":\"SearchAction\",\"target\":{\"@type\":\"EntryPoint\",\"urlTemplate\":\"https:\/\/www.perseestetica.com\/?s={search_term_string}\"},\"query-input\":{\"@type\":\"PropertyValueSpecification\",\"valueRequired\":true,\"valueName\":\"search_term_string\"}}],\"inLanguage\":\"es\"}]}<\/script>\n<!-- \/ Yoast SEO plugin. -->","yoast_head_json":{"title":"Flor de la pasi\u00f3n - PER SE ESTETICA","robots":{"index":"index","follow":"follow","max-snippet":"max-snippet:-1","max-image-preview":"max-image-preview:large","max-video-preview":"max-video-preview:-1"},"canonical":"https:\/\/www.perseestetica.com\/index.php\/product\/flor-de-la-pasion\/","og_locale":"es_ES","og_type":"article","og_title":"Flor de la pasi\u00f3n - PER SE ESTETICA","og_description":"De la fusi\u00f3n del mundo vegetal y el mundo mineral nace este tratamiento de masaje facial y corporal hidratante y de luminosidad. Siente mediante estiramientos y movimientos lentos y envolventes el acabado satinado de una crema exfoliante con aroma a gardenia ex\u00f3tica y un b\u00e1lsamo relajante con textura oro perlado. Un lujo a tu alcance para un momento de evasi\u00f3n de la realidad, de conexi\u00f3n con tu interior, de paz y armon\u00eda con lo m\u00e1s sagrado de la naturaleza.","og_url":"https:\/\/www.perseestetica.com\/index.php\/product\/flor-de-la-pasion\/","og_site_name":"PER SE ESTETICA","article_modified_time":"2019-11-22T16:13:27+00:00","og_image":[{"width":700,"height":700,"url":"https:\/\/www.perseestetica.com\/wp-content\/uploads\/2017\/12\/PASION.jpg","type":"image\/jpeg"}],"twitter_card":"summary_large_image","schema":{"@context":"https:\/\/schema.org","@graph":[{"@type":"WebPage","@id":"https:\/\/www.perseestetica.com\/index.php\/product\/flor-de-la-pasion\/","url":"https:\/\/www.perseestetica.com\/index.php\/product\/flor-de-la-pasion\/","name":"Flor de la pasi\u00f3n - PER SE ESTETICA","isPartOf":{"@id":"https:\/\/www.perseestetica.com\/#website"},"primaryImageOfPage":{"@id":"https:\/\/www.perseestetica.com\/index.php\/product\/flor-de-la-pasion\/#primaryimage"},"image":{"@id":"https:\/\/www.perseestetica.com\/index.php\/product\/flor-de-la-pasion\/#primaryimage"},"thumbnailUrl":"https:\/\/www.perseestetica.com\/wp-content\/uploads\/2017\/12\/PASION.jpg","datePublished":"2017-12-17T16:28:51+00:00","dateModified":"2019-11-22T16:13:27+00:00","breadcrumb":{"@id":"https:\/\/www.perseestetica.com\/index.php\/product\/flor-de-la-pasion\/#breadcrumb"},"inLanguage":"es","potentialAction":[{"@type":"ReadAction","target":["https:\/\/www.perseestetica.com\/index.php\/product\/flor-de-la-pasion\/"]}]},{"@type":"ImageObject","inLanguage":"es","@id":"https:\/\/www.perseestetica.com\/index.php\/product\/flor-de-la-pasion\/#primaryimage","url":"https:\/\/www.perseestetica.com\/wp-content\/uploads\/2017\/12\/PASION.jpg","contentUrl":"https:\/\/www.perseestetica.com\/wp-content\/uploads\/2017\/12\/PASION.jpg","width":700,"height":700},{"@type":"BreadcrumbList","@id":"https:\/\/www.perseestetica.com\/index.php\/product\/flor-de-la-pasion\/#breadcrumb","itemListElement":[{"@type":"ListItem","position":1,"name":"Portada","item":"https:\/\/www.perseestetica.com\/"},{"@type":"ListItem","position":2,"name":"Productos","item":"https:\/\/www.perseestetica.com\/index.php\/shop\/"},{"@type":"ListItem","position":3,"name":"Flor de la pasi\u00f3n"}]},{"@type":"WebSite","@id":"https:\/\/www.perseestetica.com\/#website","url":"https:\/\/www.perseestetica.com\/","name":"PER SE ESTETICA","description":"Centro de est\u00e9tica y bienestar en Vitoria-Gasteiz","potentialAction":[{"@type":"SearchAction","target":{"@type":"EntryPoint","urlTemplate":"https:\/\/www.perseestetica.com\/?s={search_term_string}"},"query-input":{"@type":"PropertyValueSpecification","valueRequired":true,"valueName":"search_term_string"}}],"inLanguage":"es"}]}},"_links":{"self":[{"href":"https:\/\/www.perseestetica.com\/index.php\/wp-json\/wp\/v2\/product\/3046","targetHints":{"allow":["GET"]}}],"collection":[{"href":"https:\/\/www.perseestetica.com\/index.php\/wp-json\/wp\/v2\/product"}],"about":[{"href":"https:\/\/www.perseestetica.com\/index.php\/wp-json\/wp\/v2\/types\/product"}],"wp:featuredmedia":[{"embeddable":true,"href":"https:\/\/www.perseestetica.com\/index.php\/wp-json\/wp\/v2\/media\/3241"}],"wp:attachment":[{"href":"https:\/\/www.perseestetica.com\/index.php\/wp-json\/wp\/v2\/media?parent=3046"}],"wp:term":[{"taxonomy":"product_brand","embeddable":true,"href":"https:\/\/www.perseestetica.com\/index.php\/wp-json\/wp\/v2\/product_brand?post=3046"},{"taxonomy":"product_cat","embeddable":true,"href":"https:\/\/www.perseestetica.com\/index.php\/wp-json\/wp\/v2\/product_cat?post=3046"},{"taxonomy":"product_tag","embeddable":true,"href":"https:\/\/www.perseestetica.com\/index.php\/wp-json\/wp\/v2\/product_tag?post=3046"}],"curies":[{"name":"wp","href":"https:\/\/api.w.org\/{rel}","templated":true}]}}

Flor de la pasión

<p>De la fusión del mundo vegetal y el mundo mineral nace este<br />
tratamiento de masaje facial y corporal hidratante y de luminosidad. Siente mediante estiramientos y movimientos lentos y envolventes el acabado satinado de una crema exfoliante con aroma a gardenia exótica y un bálsamo relajante con textura oro perlado.<br />
Un lujo a tu alcance para un momento de evasión de la realidad, de conexión con tu interior, de paz y armonía con lo más sagrado de la naturaleza.</p>

<!-- This site is optimized with the Yoast SEO plugin v27.0 - https://yoast.com/product/yoast-seo-wordpress/ -->
<title>Flor de la pasión - PER SE ESTETICA</title>
<meta name="robots" content="index, follow, max-snippet:-1, max-image-preview:large, max-video-preview:-1" />
<link rel="canonical" href="https://www.perseestetica.com/index.php/product/flor-de-la-pasion/" />
<meta property="og:locale" content="es_ES" />
<meta property="og:type" content="article" />
<meta property="og:title" content="Flor de la pasión - PER SE ESTETICA" />
<meta property="og:description" content="De la fusión del mundo vegetal y el mundo mineral nace este tratamiento de masaje facial y corporal hidratante y de luminosidad. Siente mediante estiramientos y movimientos lentos y envolventes el acabado satinado de una crema exfoliante con aroma a gardenia exótica y un bálsamo relajante con textura oro perlado. Un lujo a tu alcance para un momento de evasión de la realidad, de conexión con tu interior, de paz y armonía con lo más sagrado de la naturaleza." />
<meta property="og:url" content="https://www.perseestetica.com/index.php/product/flor-de-la-pasion/" />
<meta property="og:site_name" content="PER SE ESTETICA" />
<meta property="article:modified_time" content="2019-11-22T16:13:27+00:00" />
<meta property="og:image" content="https://www.perseestetica.com/wp-content/uploads/2017/12/PASION.jpg" />
	<meta property="og:image:width" content="700" />
	<meta property="og:image:height" content="700" />
	<meta property="og:image:type" content="image/jpeg" />
<meta name="twitter:card" content="summary_large_image" />
<script type="application/ld+json" class="yoast-schema-graph">{"@context":"https://schema.org","@graph":[{"@type":"WebPage","@id":"https://www.perseestetica.com/index.php/product/flor-de-la-pasion/","url":"https://www.perseestetica.com/index.php/product/flor-de-la-pasion/","name":"Flor de la pasión - PER SE ESTETICA","isPartOf":{"@id":"https://www.perseestetica.com/#website"},"primaryImageOfPage":{"@id":"https://www.perseestetica.com/index.php/product/flor-de-la-pasion/#primaryimage"},"image":{"@id":"https://www.perseestetica.com/index.php/product/flor-de-la-pasion/#primaryimage"},"thumbnailUrl":"https://www.perseestetica.com/wp-content/uploads/2017/12/PASION.jpg","datePublished":"2017-12-17T16:28:51+00:00","dateModified":"2019-11-22T16:13:27+00:00","breadcrumb":{"@id":"https://www.perseestetica.com/index.php/product/flor-de-la-pasion/#breadcrumb"},"inLanguage":"es","potentialAction":[{"@type":"ReadAction","target":["https://www.perseestetica.com/index.php/product/flor-de-la-pasion/"]}]},{"@type":"ImageObject","inLanguage":"es","@id":"https://www.perseestetica.com/index.php/product/flor-de-la-pasion/#primaryimage","url":"https://www.perseestetica.com/wp-content/uploads/2017/12/PASION.jpg","contentUrl":"https://www.perseestetica.com/wp-content/uploads/2017/12/PASION.jpg","width":700,"height":700},{"@type":"BreadcrumbList","@id":"https://www.perseestetica.com/index.php/product/flor-de-la-pasion/#breadcrumb","itemListElement":[{"@type":"ListItem","position":1,"name":"Portada","item":"https://www.perseestetica.com/"},{"@type":"ListItem","position":2,"name":"Productos","item":"https://www.perseestetica.com/index.php/shop/"},{"@type":"ListItem","position":3,"name":"Flor de la pasión"}]},{"@type":"WebSite","@id":"https://www.perseestetica.com/#website","url":"https://www.perseestetica.com/","name":"PER SE ESTETICA","description":"Centro de estética y bienestar en Vitoria-Gasteiz","potentialAction":[{"@type":"SearchAction","target":{"@type":"EntryPoint","urlTemplate":"https://www.perseestetica.com/?s={search_term_string}"},"query-input":{"@type":"PropertyValueSpecification","valueRequired":true,"valueName":"search_term_string"}}],"inLanguage":"es"}]}</script>
<!-- / Yoast SEO plugin. -->

Flor de la pasión - PER SE ESTETICA

De la fusión del mundo vegetal y el mundo mineral nace este tratamiento de masaje facial y corporal hidratante y de luminosidad. Siente mediante estiramientos y movimientos lentos y envolventes el acabado satinado de una crema exfoliante con aroma a gardenia exótica y un bálsamo relajante con textura oro perlado. Un lujo a tu alcance para un momento de evasión de la realidad, de conexión con tu interior, de paz y armonía con lo más sagrado de la naturaleza.

Centro de estética y bienestar en Vitoria-Gasteiz
