{"id":3447,"date":"2017-03-22T13:27:05","date_gmt":"2017-03-22T13:27:05","guid":{"rendered":"https:\/\/www.perseestetica.com\/?post_type=product&#038;p=3447"},"modified":"2019-11-28T07:51:08","modified_gmt":"2019-11-28T07:51:08","slug":"manteca-de-karite","status":"publish","type":"product","link":"https:\/\/www.perseestetica.com\/index.php\/product\/manteca-de-karite\/","title":{"rendered":"MANTECA DE KARIT\u00c9"},"content":{"rendered":"","protected":false},"excerpt":{"rendered":"<p>Recibe un <strong>relajante masaje<\/strong> con la untuosa y agradable manteca de Karit\u00e9 que se funde al entrar en contacto con la piel y proporciona una agradable <strong>sensaci\u00f3n de relax y bienestar<\/strong>. <strong>Relaja tus m\u00fasculos consiguiendo destensar el estr\u00e9s del d\u00eda a d\u00eda<\/strong>. Reg\u00e1late un momento especial en el que tu cuerpo descanse y se nutra con las propiedades hidratantes, regeneradoras y suavizantes para la piel. La manteca de karit\u00e9 est\u00e1 especialmente recomendada para pieles muy secas.<\/p>\n","protected":false},"featured_media":3448,"template":"","meta":[],"product_brand":[],"product_cat":[115],"product_tag":[143,145,146,144,142,141,162],"class_list":{"0":"post-3447","1":"product","2":"type-product","3":"status-publish","4":"has-post-thumbnail","6":"product_cat-corporal","7":"product_tag-centro-de-estetica","8":"product_tag-centro-de-estetica-vitoria","9":"product_tag-depilacion-vitoria","10":"product_tag-salon-de-estetica","11":"product_tag-tratamiento-corporal","12":"product_tag-tratamiento-de-belleza","13":"product_tag-tratamiento-de-luminosidad","15":"first","16":"instock","17":"downloadable","18":"taxable","19":"shipping-taxable","20":"purchasable","21":"product-type-simple"},"yoast_head":"<!-- This site is optimized with the Yoast SEO plugin v27.0 - https:\/\/yoast.com\/product\/yoast-seo-wordpress\/ -->\n<title>MANTECA DE KARIT\u00c9 - PER SE ESTETICA<\/title>\n<meta name=\"robots\" content=\"index, follow, max-snippet:-1, max-image-preview:large, max-video-preview:-1\" \/>\n<link rel=\"canonical\" href=\"https:\/\/www.perseestetica.com\/index.php\/product\/manteca-de-karite\/\" \/>\n<meta property=\"og:locale\" content=\"es_ES\" \/>\n<meta property=\"og:type\" content=\"article\" \/>\n<meta property=\"og:title\" content=\"MANTECA DE KARIT\u00c9 - PER SE ESTETICA\" \/>\n<meta property=\"og:description\" content=\"Recibe un relajante masaje con la untuosa y agradable manteca de Karit\u00e9 que se funde al entrar en contacto con la piel y proporciona una agradable sensaci\u00f3n de relax y bienestar. Relaja tus m\u00fasculos consiguiendo destensar el estr\u00e9s del d\u00eda a d\u00eda. Reg\u00e1late un momento especial en el que tu cuerpo descanse y se nutra con las propiedades hidratantes, regeneradoras y suavizantes para la piel. La manteca de karit\u00e9 est\u00e1 especialmente recomendada para pieles muy secas.\" \/>\n<meta property=\"og:url\" content=\"https:\/\/www.perseestetica.com\/index.php\/product\/manteca-de-karite\/\" \/>\n<meta property=\"og:site_name\" content=\"PER SE ESTETICA\" \/>\n<meta property=\"article:modified_time\" content=\"2019-11-28T07:51:08+00:00\" \/>\n<meta property=\"og:image\" content=\"https:\/\/www.perseestetica.com\/wp-content\/uploads\/2019\/11\/karite600x600.jpg\" \/>\n\t<meta property=\"og:image:width\" content=\"600\" \/>\n\t<meta property=\"og:image:height\" content=\"600\" \/>\n\t<meta property=\"og:image:type\" content=\"image\/jpeg\" \/>\n<meta name=\"twitter:card\" content=\"summary_large_image\" \/>\n<script type=\"application\/ld+json\" class=\"yoast-schema-graph\">{\"@context\":\"https:\/\/schema.org\",\"@graph\":[{\"@type\":\"WebPage\",\"@id\":\"https:\/\/www.perseestetica.com\/index.php\/product\/manteca-de-karite\/\",\"url\":\"https:\/\/www.perseestetica.com\/index.php\/product\/manteca-de-karite\/\",\"name\":\"MANTECA DE KARIT\u00c9 - PER SE ESTETICA\",\"isPartOf\":{\"@id\":\"https:\/\/www.perseestetica.com\/#website\"},\"primaryImageOfPage\":{\"@id\":\"https:\/\/www.perseestetica.com\/index.php\/product\/manteca-de-karite\/#primaryimage\"},\"image\":{\"@id\":\"https:\/\/www.perseestetica.com\/index.php\/product\/manteca-de-karite\/#primaryimage\"},\"thumbnailUrl\":\"https:\/\/www.perseestetica.com\/wp-content\/uploads\/2019\/11\/karite600x600.jpg\",\"datePublished\":\"2017-03-22T13:27:05+00:00\",\"dateModified\":\"2019-11-28T07:51:08+00:00\",\"breadcrumb\":{\"@id\":\"https:\/\/www.perseestetica.com\/index.php\/product\/manteca-de-karite\/#breadcrumb\"},\"inLanguage\":\"es\",\"potentialAction\":[{\"@type\":\"ReadAction\",\"target\":[\"https:\/\/www.perseestetica.com\/index.php\/product\/manteca-de-karite\/\"]}]},{\"@type\":\"ImageObject\",\"inLanguage\":\"es\",\"@id\":\"https:\/\/www.perseestetica.com\/index.php\/product\/manteca-de-karite\/#primaryimage\",\"url\":\"https:\/\/www.perseestetica.com\/wp-content\/uploads\/2019\/11\/karite600x600.jpg\",\"contentUrl\":\"https:\/\/www.perseestetica.com\/wp-content\/uploads\/2019\/11\/karite600x600.jpg\",\"width\":600,\"height\":600},{\"@type\":\"BreadcrumbList\",\"@id\":\"https:\/\/www.perseestetica.com\/index.php\/product\/manteca-de-karite\/#breadcrumb\",\"itemListElement\":[{\"@type\":\"ListItem\",\"position\":1,\"name\":\"Portada\",\"item\":\"https:\/\/www.perseestetica.com\/\"},{\"@type\":\"ListItem\",\"position\":2,\"name\":\"Productos\",\"item\":\"https:\/\/www.perseestetica.com\/index.php\/shop\/\"},{\"@type\":\"ListItem\",\"position\":3,\"name\":\"MANTECA DE KARIT\u00c9\"}]},{\"@type\":\"WebSite\",\"@id\":\"https:\/\/www.perseestetica.com\/#website\",\"url\":\"https:\/\/www.perseestetica.com\/\",\"name\":\"PER SE ESTETICA\",\"description\":\"Centro de est\u00e9tica y bienestar en Vitoria-Gasteiz\",\"potentialAction\":[{\"@type\":\"SearchAction\",\"target\":{\"@type\":\"EntryPoint\",\"urlTemplate\":\"https:\/\/www.perseestetica.com\/?s={search_term_string}\"},\"query-input\":{\"@type\":\"PropertyValueSpecification\",\"valueRequired\":true,\"valueName\":\"search_term_string\"}}],\"inLanguage\":\"es\"}]}<\/script>\n<!-- \/ Yoast SEO plugin. -->","yoast_head_json":{"title":"MANTECA DE KARIT\u00c9 - PER SE ESTETICA","robots":{"index":"index","follow":"follow","max-snippet":"max-snippet:-1","max-image-preview":"max-image-preview:large","max-video-preview":"max-video-preview:-1"},"canonical":"https:\/\/www.perseestetica.com\/index.php\/product\/manteca-de-karite\/","og_locale":"es_ES","og_type":"article","og_title":"MANTECA DE KARIT\u00c9 - PER SE ESTETICA","og_description":"Recibe un relajante masaje con la untuosa y agradable manteca de Karit\u00e9 que se funde al entrar en contacto con la piel y proporciona una agradable sensaci\u00f3n de relax y bienestar. Relaja tus m\u00fasculos consiguiendo destensar el estr\u00e9s del d\u00eda a d\u00eda. Reg\u00e1late un momento especial en el que tu cuerpo descanse y se nutra con las propiedades hidratantes, regeneradoras y suavizantes para la piel. La manteca de karit\u00e9 est\u00e1 especialmente recomendada para pieles muy secas.","og_url":"https:\/\/www.perseestetica.com\/index.php\/product\/manteca-de-karite\/","og_site_name":"PER SE ESTETICA","article_modified_time":"2019-11-28T07:51:08+00:00","og_image":[{"width":600,"height":600,"url":"https:\/\/www.perseestetica.com\/wp-content\/uploads\/2019\/11\/karite600x600.jpg","type":"image\/jpeg"}],"twitter_card":"summary_large_image","schema":{"@context":"https:\/\/schema.org","@graph":[{"@type":"WebPage","@id":"https:\/\/www.perseestetica.com\/index.php\/product\/manteca-de-karite\/","url":"https:\/\/www.perseestetica.com\/index.php\/product\/manteca-de-karite\/","name":"MANTECA DE KARIT\u00c9 - PER SE ESTETICA","isPartOf":{"@id":"https:\/\/www.perseestetica.com\/#website"},"primaryImageOfPage":{"@id":"https:\/\/www.perseestetica.com\/index.php\/product\/manteca-de-karite\/#primaryimage"},"image":{"@id":"https:\/\/www.perseestetica.com\/index.php\/product\/manteca-de-karite\/#primaryimage"},"thumbnailUrl":"https:\/\/www.perseestetica.com\/wp-content\/uploads\/2019\/11\/karite600x600.jpg","datePublished":"2017-03-22T13:27:05+00:00","dateModified":"2019-11-28T07:51:08+00:00","breadcrumb":{"@id":"https:\/\/www.perseestetica.com\/index.php\/product\/manteca-de-karite\/#breadcrumb"},"inLanguage":"es","potentialAction":[{"@type":"ReadAction","target":["https:\/\/www.perseestetica.com\/index.php\/product\/manteca-de-karite\/"]}]},{"@type":"ImageObject","inLanguage":"es","@id":"https:\/\/www.perseestetica.com\/index.php\/product\/manteca-de-karite\/#primaryimage","url":"https:\/\/www.perseestetica.com\/wp-content\/uploads\/2019\/11\/karite600x600.jpg","contentUrl":"https:\/\/www.perseestetica.com\/wp-content\/uploads\/2019\/11\/karite600x600.jpg","width":600,"height":600},{"@type":"BreadcrumbList","@id":"https:\/\/www.perseestetica.com\/index.php\/product\/manteca-de-karite\/#breadcrumb","itemListElement":[{"@type":"ListItem","position":1,"name":"Portada","item":"https:\/\/www.perseestetica.com\/"},{"@type":"ListItem","position":2,"name":"Productos","item":"https:\/\/www.perseestetica.com\/index.php\/shop\/"},{"@type":"ListItem","position":3,"name":"MANTECA DE KARIT\u00c9"}]},{"@type":"WebSite","@id":"https:\/\/www.perseestetica.com\/#website","url":"https:\/\/www.perseestetica.com\/","name":"PER SE ESTETICA","description":"Centro de est\u00e9tica y bienestar en Vitoria-Gasteiz","potentialAction":[{"@type":"SearchAction","target":{"@type":"EntryPoint","urlTemplate":"https:\/\/www.perseestetica.com\/?s={search_term_string}"},"query-input":{"@type":"PropertyValueSpecification","valueRequired":true,"valueName":"search_term_string"}}],"inLanguage":"es"}]}},"_links":{"self":[{"href":"https:\/\/www.perseestetica.com\/index.php\/wp-json\/wp\/v2\/product\/3447","targetHints":{"allow":["GET"]}}],"collection":[{"href":"https:\/\/www.perseestetica.com\/index.php\/wp-json\/wp\/v2\/product"}],"about":[{"href":"https:\/\/www.perseestetica.com\/index.php\/wp-json\/wp\/v2\/types\/product"}],"wp:featuredmedia":[{"embeddable":true,"href":"https:\/\/www.perseestetica.com\/index.php\/wp-json\/wp\/v2\/media\/3448"}],"wp:attachment":[{"href":"https:\/\/www.perseestetica.com\/index.php\/wp-json\/wp\/v2\/media?parent=3447"}],"wp:term":[{"taxonomy":"product_brand","embeddable":true,"href":"https:\/\/www.perseestetica.com\/index.php\/wp-json\/wp\/v2\/product_brand?post=3447"},{"taxonomy":"product_cat","embeddable":true,"href":"https:\/\/www.perseestetica.com\/index.php\/wp-json\/wp\/v2\/product_cat?post=3447"},{"taxonomy":"product_tag","embeddable":true,"href":"https:\/\/www.perseestetica.com\/index.php\/wp-json\/wp\/v2\/product_tag?post=3447"}],"curies":[{"name":"wp","href":"https:\/\/api.w.org\/{rel}","templated":true}]}}

MANTECA DE KARITÉ

<p>Recibe un <strong>relajante masaje</strong> con la untuosa y agradable manteca de Karité que se funde al entrar en contacto con la piel y proporciona una agradable <strong>sensación de relax y bienestar</strong>. <strong>Relaja tus músculos consiguiendo destensar el estrés del día a día</strong>. Regálate un momento especial en el que tu cuerpo descanse y se nutra con las propiedades hidratantes, regeneradoras y suavizantes para la piel. La manteca de karité está especialmente recomendada para pieles muy secas.</p>

<!-- This site is optimized with the Yoast SEO plugin v27.0 - https://yoast.com/product/yoast-seo-wordpress/ -->
<title>MANTECA DE KARITÉ - PER SE ESTETICA</title>
<meta name="robots" content="index, follow, max-snippet:-1, max-image-preview:large, max-video-preview:-1" />
<link rel="canonical" href="https://www.perseestetica.com/index.php/product/manteca-de-karite/" />
<meta property="og:locale" content="es_ES" />
<meta property="og:type" content="article" />
<meta property="og:title" content="MANTECA DE KARITÉ - PER SE ESTETICA" />
<meta property="og:description" content="Recibe un relajante masaje con la untuosa y agradable manteca de Karité que se funde al entrar en contacto con la piel y proporciona una agradable sensación de relax y bienestar. Relaja tus músculos consiguiendo destensar el estrés del día a día. Regálate un momento especial en el que tu cuerpo descanse y se nutra con las propiedades hidratantes, regeneradoras y suavizantes para la piel. La manteca de karité está especialmente recomendada para pieles muy secas." />
<meta property="og:url" content="https://www.perseestetica.com/index.php/product/manteca-de-karite/" />
<meta property="og:site_name" content="PER SE ESTETICA" />
<meta property="article:modified_time" content="2019-11-28T07:51:08+00:00" />
<meta property="og:image" content="https://www.perseestetica.com/wp-content/uploads/2019/11/karite600x600.jpg" />
	<meta property="og:image:width" content="600" />
	<meta property="og:image:height" content="600" />
	<meta property="og:image:type" content="image/jpeg" />
<meta name="twitter:card" content="summary_large_image" />
<script type="application/ld+json" class="yoast-schema-graph">{"@context":"https://schema.org","@graph":[{"@type":"WebPage","@id":"https://www.perseestetica.com/index.php/product/manteca-de-karite/","url":"https://www.perseestetica.com/index.php/product/manteca-de-karite/","name":"MANTECA DE KARITÉ - PER SE ESTETICA","isPartOf":{"@id":"https://www.perseestetica.com/#website"},"primaryImageOfPage":{"@id":"https://www.perseestetica.com/index.php/product/manteca-de-karite/#primaryimage"},"image":{"@id":"https://www.perseestetica.com/index.php/product/manteca-de-karite/#primaryimage"},"thumbnailUrl":"https://www.perseestetica.com/wp-content/uploads/2019/11/karite600x600.jpg","datePublished":"2017-03-22T13:27:05+00:00","dateModified":"2019-11-28T07:51:08+00:00","breadcrumb":{"@id":"https://www.perseestetica.com/index.php/product/manteca-de-karite/#breadcrumb"},"inLanguage":"es","potentialAction":[{"@type":"ReadAction","target":["https://www.perseestetica.com/index.php/product/manteca-de-karite/"]}]},{"@type":"ImageObject","inLanguage":"es","@id":"https://www.perseestetica.com/index.php/product/manteca-de-karite/#primaryimage","url":"https://www.perseestetica.com/wp-content/uploads/2019/11/karite600x600.jpg","contentUrl":"https://www.perseestetica.com/wp-content/uploads/2019/11/karite600x600.jpg","width":600,"height":600},{"@type":"BreadcrumbList","@id":"https://www.perseestetica.com/index.php/product/manteca-de-karite/#breadcrumb","itemListElement":[{"@type":"ListItem","position":1,"name":"Portada","item":"https://www.perseestetica.com/"},{"@type":"ListItem","position":2,"name":"Productos","item":"https://www.perseestetica.com/index.php/shop/"},{"@type":"ListItem","position":3,"name":"MANTECA DE KARITÉ"}]},{"@type":"WebSite","@id":"https://www.perseestetica.com/#website","url":"https://www.perseestetica.com/","name":"PER SE ESTETICA","description":"Centro de estética y bienestar en Vitoria-Gasteiz","potentialAction":[{"@type":"SearchAction","target":{"@type":"EntryPoint","urlTemplate":"https://www.perseestetica.com/?s={search_term_string}"},"query-input":{"@type":"PropertyValueSpecification","valueRequired":true,"valueName":"search_term_string"}}],"inLanguage":"es"}]}</script>
<!-- / Yoast SEO plugin. -->

MANTECA DE KARITÉ - PER SE ESTETICA

Recibe un relajante masaje con la untuosa y agradable manteca de Karité que se funde al entrar en contacto con la piel y proporciona una agradable sensación de relax y bienestar. Relaja tus músculos consiguiendo destensar el estrés del día a día. Regálate un momento especial en el que tu cuerpo descanse y se nutra con las propiedades hidratantes, regeneradoras y suavizantes para la piel. La manteca de karité está especialmente recomendada para pieles muy secas.

Centro de estética y bienestar en Vitoria-Gasteiz
