{"id":4170,"date":"2025-03-03T08:55:12","date_gmt":"2025-03-03T08:55:12","guid":{"rendered":"https:\/\/www.perseestetica.com\/?post_type=product&#038;p=4170"},"modified":"2025-03-05T09:03:33","modified_gmt":"2025-03-05T09:03:33","slug":"floralove","status":"publish","type":"product","link":"https:\/\/www.perseestetica.com\/index.php\/product\/floralove\/","title":{"rendered":"FLORALOVE"},"content":{"rendered":"","protected":false},"excerpt":{"rendered":"<p class=\"p1\"><span class=\"s1\">La l\u00ednea Fleur\u00b4s es una marca <\/span><span class=\"s2\">profesional de cuidado de la piel que aprovecha el poder excepcional de las flores para mejorar la belleza y el bienestar de todas las mujeres.<span class=\"Apple-converted-space\">\u00a0<\/span><\/span><\/p>\n<p class=\"p1\"><span class=\"s3\">Altamente sensorial, este nuevo tratamiento ic\u00f3nico para el cuidado de la piel, est\u00e1 dise\u00f1ado para todas las mujeres, para conseguir un nuevo efecto en la piel. Restaura la barrera cut\u00e1nea y potencia la hidrataci\u00f3n y la luminosidad.<\/span><\/p>\n<p>Ideal en el cambio de estaci\u00f3n, despu\u00e9s del embarazo, para resplandecer en una ocasi\u00f3n especial, o para empezar con buen pie. El nuevo tratamiento facial ic\u00f3nico by Fleur\u00b4s.<\/p>\n","protected":false},"featured_media":4171,"template":"","meta":[],"product_brand":[],"product_cat":[114,83],"product_tag":[319,315,318,316,317],"class_list":{"0":"post-4170","1":"product","2":"type-product","3":"status-publish","4":"has-post-thumbnail","6":"product_cat-facial","7":"product_cat-organic","8":"product_tag-luminosa","9":"product_tag-piel-lisa","10":"product_tag-radiante","11":"product_tag-sonrosada","12":"product_tag-suave","14":"first","15":"instock","16":"featured","17":"downloadable","18":"taxable","19":"shipping-taxable","20":"purchasable","21":"product-type-simple"},"yoast_head":"<!-- This site is optimized with the Yoast SEO plugin v27.0 - https:\/\/yoast.com\/product\/yoast-seo-wordpress\/ -->\n<title>FLORALOVE - PER SE ESTETICA<\/title>\n<meta name=\"robots\" content=\"index, follow, max-snippet:-1, max-image-preview:large, max-video-preview:-1\" \/>\n<link rel=\"canonical\" href=\"https:\/\/www.perseestetica.com\/index.php\/product\/floralove\/\" \/>\n<meta property=\"og:locale\" content=\"es_ES\" \/>\n<meta property=\"og:type\" content=\"article\" \/>\n<meta property=\"og:title\" content=\"FLORALOVE - PER SE ESTETICA\" \/>\n<meta property=\"og:description\" content=\"La l\u00ednea Fleur\u00b4s es una marca profesional de cuidado de la piel que aprovecha el poder excepcional de las flores para mejorar la belleza y el bienestar de todas las mujeres.\u00a0 Altamente sensorial, este nuevo tratamiento ic\u00f3nico para el cuidado de la piel, est\u00e1 dise\u00f1ado para todas las mujeres, para conseguir un nuevo efecto en la piel. Restaura la barrera cut\u00e1nea y potencia la hidrataci\u00f3n y la luminosidad. Ideal en el cambio de estaci\u00f3n, despu\u00e9s del embarazo, para resplandecer en una ocasi\u00f3n especial, o para empezar con buen pie. El nuevo tratamiento facial ic\u00f3nico by Fleur\u00b4s.\" \/>\n<meta property=\"og:url\" content=\"https:\/\/www.perseestetica.com\/index.php\/product\/floralove\/\" \/>\n<meta property=\"og:site_name\" content=\"PER SE ESTETICA\" \/>\n<meta property=\"article:modified_time\" content=\"2025-03-05T09:03:33+00:00\" \/>\n<meta property=\"og:image\" content=\"https:\/\/www.perseestetica.com\/wp-content\/uploads\/2025\/03\/FLORALOVE-web.jpg\" \/>\n\t<meta property=\"og:image:width\" content=\"700\" \/>\n\t<meta property=\"og:image:height\" content=\"700\" \/>\n\t<meta property=\"og:image:type\" content=\"image\/jpeg\" \/>\n<meta name=\"twitter:card\" content=\"summary_large_image\" \/>\n<script type=\"application\/ld+json\" class=\"yoast-schema-graph\">{\"@context\":\"https:\/\/schema.org\",\"@graph\":[{\"@type\":\"WebPage\",\"@id\":\"https:\/\/www.perseestetica.com\/index.php\/product\/floralove\/\",\"url\":\"https:\/\/www.perseestetica.com\/index.php\/product\/floralove\/\",\"name\":\"FLORALOVE - PER SE ESTETICA\",\"isPartOf\":{\"@id\":\"https:\/\/www.perseestetica.com\/#website\"},\"primaryImageOfPage\":{\"@id\":\"https:\/\/www.perseestetica.com\/index.php\/product\/floralove\/#primaryimage\"},\"image\":{\"@id\":\"https:\/\/www.perseestetica.com\/index.php\/product\/floralove\/#primaryimage\"},\"thumbnailUrl\":\"https:\/\/www.perseestetica.com\/wp-content\/uploads\/2025\/03\/FLORALOVE-web.jpg\",\"datePublished\":\"2025-03-03T08:55:12+00:00\",\"dateModified\":\"2025-03-05T09:03:33+00:00\",\"breadcrumb\":{\"@id\":\"https:\/\/www.perseestetica.com\/index.php\/product\/floralove\/#breadcrumb\"},\"inLanguage\":\"es\",\"potentialAction\":[{\"@type\":\"ReadAction\",\"target\":[\"https:\/\/www.perseestetica.com\/index.php\/product\/floralove\/\"]}]},{\"@type\":\"ImageObject\",\"inLanguage\":\"es\",\"@id\":\"https:\/\/www.perseestetica.com\/index.php\/product\/floralove\/#primaryimage\",\"url\":\"https:\/\/www.perseestetica.com\/wp-content\/uploads\/2025\/03\/FLORALOVE-web.jpg\",\"contentUrl\":\"https:\/\/www.perseestetica.com\/wp-content\/uploads\/2025\/03\/FLORALOVE-web.jpg\",\"width\":700,\"height\":700},{\"@type\":\"BreadcrumbList\",\"@id\":\"https:\/\/www.perseestetica.com\/index.php\/product\/floralove\/#breadcrumb\",\"itemListElement\":[{\"@type\":\"ListItem\",\"position\":1,\"name\":\"Portada\",\"item\":\"https:\/\/www.perseestetica.com\/\"},{\"@type\":\"ListItem\",\"position\":2,\"name\":\"Productos\",\"item\":\"https:\/\/www.perseestetica.com\/index.php\/shop\/\"},{\"@type\":\"ListItem\",\"position\":3,\"name\":\"FLORALOVE\"}]},{\"@type\":\"WebSite\",\"@id\":\"https:\/\/www.perseestetica.com\/#website\",\"url\":\"https:\/\/www.perseestetica.com\/\",\"name\":\"PER SE ESTETICA\",\"description\":\"Centro de est\u00e9tica y bienestar en Vitoria-Gasteiz\",\"potentialAction\":[{\"@type\":\"SearchAction\",\"target\":{\"@type\":\"EntryPoint\",\"urlTemplate\":\"https:\/\/www.perseestetica.com\/?s={search_term_string}\"},\"query-input\":{\"@type\":\"PropertyValueSpecification\",\"valueRequired\":true,\"valueName\":\"search_term_string\"}}],\"inLanguage\":\"es\"}]}<\/script>\n<!-- \/ Yoast SEO plugin. -->","yoast_head_json":{"title":"FLORALOVE - PER SE ESTETICA","robots":{"index":"index","follow":"follow","max-snippet":"max-snippet:-1","max-image-preview":"max-image-preview:large","max-video-preview":"max-video-preview:-1"},"canonical":"https:\/\/www.perseestetica.com\/index.php\/product\/floralove\/","og_locale":"es_ES","og_type":"article","og_title":"FLORALOVE - PER SE ESTETICA","og_description":"La l\u00ednea Fleur\u00b4s es una marca profesional de cuidado de la piel que aprovecha el poder excepcional de las flores para mejorar la belleza y el bienestar de todas las mujeres.\u00a0 Altamente sensorial, este nuevo tratamiento ic\u00f3nico para el cuidado de la piel, est\u00e1 dise\u00f1ado para todas las mujeres, para conseguir un nuevo efecto en la piel. Restaura la barrera cut\u00e1nea y potencia la hidrataci\u00f3n y la luminosidad. Ideal en el cambio de estaci\u00f3n, despu\u00e9s del embarazo, para resplandecer en una ocasi\u00f3n especial, o para empezar con buen pie. El nuevo tratamiento facial ic\u00f3nico by Fleur\u00b4s.","og_url":"https:\/\/www.perseestetica.com\/index.php\/product\/floralove\/","og_site_name":"PER SE ESTETICA","article_modified_time":"2025-03-05T09:03:33+00:00","og_image":[{"width":700,"height":700,"url":"https:\/\/www.perseestetica.com\/wp-content\/uploads\/2025\/03\/FLORALOVE-web.jpg","type":"image\/jpeg"}],"twitter_card":"summary_large_image","schema":{"@context":"https:\/\/schema.org","@graph":[{"@type":"WebPage","@id":"https:\/\/www.perseestetica.com\/index.php\/product\/floralove\/","url":"https:\/\/www.perseestetica.com\/index.php\/product\/floralove\/","name":"FLORALOVE - PER SE ESTETICA","isPartOf":{"@id":"https:\/\/www.perseestetica.com\/#website"},"primaryImageOfPage":{"@id":"https:\/\/www.perseestetica.com\/index.php\/product\/floralove\/#primaryimage"},"image":{"@id":"https:\/\/www.perseestetica.com\/index.php\/product\/floralove\/#primaryimage"},"thumbnailUrl":"https:\/\/www.perseestetica.com\/wp-content\/uploads\/2025\/03\/FLORALOVE-web.jpg","datePublished":"2025-03-03T08:55:12+00:00","dateModified":"2025-03-05T09:03:33+00:00","breadcrumb":{"@id":"https:\/\/www.perseestetica.com\/index.php\/product\/floralove\/#breadcrumb"},"inLanguage":"es","potentialAction":[{"@type":"ReadAction","target":["https:\/\/www.perseestetica.com\/index.php\/product\/floralove\/"]}]},{"@type":"ImageObject","inLanguage":"es","@id":"https:\/\/www.perseestetica.com\/index.php\/product\/floralove\/#primaryimage","url":"https:\/\/www.perseestetica.com\/wp-content\/uploads\/2025\/03\/FLORALOVE-web.jpg","contentUrl":"https:\/\/www.perseestetica.com\/wp-content\/uploads\/2025\/03\/FLORALOVE-web.jpg","width":700,"height":700},{"@type":"BreadcrumbList","@id":"https:\/\/www.perseestetica.com\/index.php\/product\/floralove\/#breadcrumb","itemListElement":[{"@type":"ListItem","position":1,"name":"Portada","item":"https:\/\/www.perseestetica.com\/"},{"@type":"ListItem","position":2,"name":"Productos","item":"https:\/\/www.perseestetica.com\/index.php\/shop\/"},{"@type":"ListItem","position":3,"name":"FLORALOVE"}]},{"@type":"WebSite","@id":"https:\/\/www.perseestetica.com\/#website","url":"https:\/\/www.perseestetica.com\/","name":"PER SE ESTETICA","description":"Centro de est\u00e9tica y bienestar en Vitoria-Gasteiz","potentialAction":[{"@type":"SearchAction","target":{"@type":"EntryPoint","urlTemplate":"https:\/\/www.perseestetica.com\/?s={search_term_string}"},"query-input":{"@type":"PropertyValueSpecification","valueRequired":true,"valueName":"search_term_string"}}],"inLanguage":"es"}]}},"_links":{"self":[{"href":"https:\/\/www.perseestetica.com\/index.php\/wp-json\/wp\/v2\/product\/4170","targetHints":{"allow":["GET"]}}],"collection":[{"href":"https:\/\/www.perseestetica.com\/index.php\/wp-json\/wp\/v2\/product"}],"about":[{"href":"https:\/\/www.perseestetica.com\/index.php\/wp-json\/wp\/v2\/types\/product"}],"wp:featuredmedia":[{"embeddable":true,"href":"https:\/\/www.perseestetica.com\/index.php\/wp-json\/wp\/v2\/media\/4171"}],"wp:attachment":[{"href":"https:\/\/www.perseestetica.com\/index.php\/wp-json\/wp\/v2\/media?parent=4170"}],"wp:term":[{"taxonomy":"product_brand","embeddable":true,"href":"https:\/\/www.perseestetica.com\/index.php\/wp-json\/wp\/v2\/product_brand?post=4170"},{"taxonomy":"product_cat","embeddable":true,"href":"https:\/\/www.perseestetica.com\/index.php\/wp-json\/wp\/v2\/product_cat?post=4170"},{"taxonomy":"product_tag","embeddable":true,"href":"https:\/\/www.perseestetica.com\/index.php\/wp-json\/wp\/v2\/product_tag?post=4170"}],"curies":[{"name":"wp","href":"https:\/\/api.w.org\/{rel}","templated":true}]}}

<p class="p1"><span class="s1">La línea Fleur´s es una marca </span><span class="s2">profesional de cuidado de la piel que aprovecha el poder excepcional de las flores para mejorar la belleza y el bienestar de todas las mujeres.<span class="Apple-converted-space"> </span></span></p>
<p class="p1"><span class="s3">Altamente sensorial, este nuevo tratamiento icónico para el cuidado de la piel, está diseñado para todas las mujeres, para conseguir un nuevo efecto en la piel. Restaura la barrera cutánea y potencia la hidratación y la luminosidad.</span></p>
<p>Ideal en el cambio de estación, después del embarazo, para resplandecer en una ocasión especial, o para empezar con buen pie. El nuevo tratamiento facial icónico by Fleur´s.</p>

<!-- This site is optimized with the Yoast SEO plugin v27.0 - https://yoast.com/product/yoast-seo-wordpress/ -->
<title>FLORALOVE - PER SE ESTETICA</title>
<meta name="robots" content="index, follow, max-snippet:-1, max-image-preview:large, max-video-preview:-1" />
<link rel="canonical" href="https://www.perseestetica.com/index.php/product/floralove/" />
<meta property="og:locale" content="es_ES" />
<meta property="og:type" content="article" />
<meta property="og:title" content="FLORALOVE - PER SE ESTETICA" />
<meta property="og:description" content="La línea Fleur´s es una marca profesional de cuidado de la piel que aprovecha el poder excepcional de las flores para mejorar la belleza y el bienestar de todas las mujeres.  Altamente sensorial, este nuevo tratamiento icónico para el cuidado de la piel, está diseñado para todas las mujeres, para conseguir un nuevo efecto en la piel. Restaura la barrera cutánea y potencia la hidratación y la luminosidad. Ideal en el cambio de estación, después del embarazo, para resplandecer en una ocasión especial, o para empezar con buen pie. El nuevo tratamiento facial icónico by Fleur´s." />
<meta property="og:url" content="https://www.perseestetica.com/index.php/product/floralove/" />
<meta property="og:site_name" content="PER SE ESTETICA" />
<meta property="article:modified_time" content="2025-03-05T09:03:33+00:00" />
<meta property="og:image" content="https://www.perseestetica.com/wp-content/uploads/2025/03/FLORALOVE-web.jpg" />
	<meta property="og:image:width" content="700" />
	<meta property="og:image:height" content="700" />
	<meta property="og:image:type" content="image/jpeg" />
<meta name="twitter:card" content="summary_large_image" />
<script type="application/ld+json" class="yoast-schema-graph">{"@context":"https://schema.org","@graph":[{"@type":"WebPage","@id":"https://www.perseestetica.com/index.php/product/floralove/","url":"https://www.perseestetica.com/index.php/product/floralove/","name":"FLORALOVE - PER SE ESTETICA","isPartOf":{"@id":"https://www.perseestetica.com/#website"},"primaryImageOfPage":{"@id":"https://www.perseestetica.com/index.php/product/floralove/#primaryimage"},"image":{"@id":"https://www.perseestetica.com/index.php/product/floralove/#primaryimage"},"thumbnailUrl":"https://www.perseestetica.com/wp-content/uploads/2025/03/FLORALOVE-web.jpg","datePublished":"2025-03-03T08:55:12+00:00","dateModified":"2025-03-05T09:03:33+00:00","breadcrumb":{"@id":"https://www.perseestetica.com/index.php/product/floralove/#breadcrumb"},"inLanguage":"es","potentialAction":[{"@type":"ReadAction","target":["https://www.perseestetica.com/index.php/product/floralove/"]}]},{"@type":"ImageObject","inLanguage":"es","@id":"https://www.perseestetica.com/index.php/product/floralove/#primaryimage","url":"https://www.perseestetica.com/wp-content/uploads/2025/03/FLORALOVE-web.jpg","contentUrl":"https://www.perseestetica.com/wp-content/uploads/2025/03/FLORALOVE-web.jpg","width":700,"height":700},{"@type":"BreadcrumbList","@id":"https://www.perseestetica.com/index.php/product/floralove/#breadcrumb","itemListElement":[{"@type":"ListItem","position":1,"name":"Portada","item":"https://www.perseestetica.com/"},{"@type":"ListItem","position":2,"name":"Productos","item":"https://www.perseestetica.com/index.php/shop/"},{"@type":"ListItem","position":3,"name":"FLORALOVE"}]},{"@type":"WebSite","@id":"https://www.perseestetica.com/#website","url":"https://www.perseestetica.com/","name":"PER SE ESTETICA","description":"Centro de estética y bienestar en Vitoria-Gasteiz","potentialAction":[{"@type":"SearchAction","target":{"@type":"EntryPoint","urlTemplate":"https://www.perseestetica.com/?s={search_term_string}"},"query-input":{"@type":"PropertyValueSpecification","valueRequired":true,"valueName":"search_term_string"}}],"inLanguage":"es"}]}</script>
<!-- / Yoast SEO plugin. -->

La línea Fleur´s es una marca profesional de cuidado de la piel que aprovecha el poder excepcional de las flores para mejorar la belleza y el bienestar de todas las mujeres.  Altamente sensorial, este nuevo tratamiento icónico para el cuidado de la piel, está diseñado para todas las mujeres, para conseguir un nuevo efecto en la piel. Restaura la barrera cutánea y potencia la hidratación y la luminosidad. Ideal en el cambio de estación, después del embarazo, para resplandecer en una ocasión especial, o para empezar con buen pie. El nuevo tratamiento facial icónico by Fleur´s.

Centro de estética y bienestar en Vitoria-Gasteiz
